k be q(1). Calculate the highest common factor of k and d.
11
Let q = -116 - -163. Let f be (0 - 0) + q + 1. Calculate the greatest common factor of 32 and f.
16
Suppose 349 = 4*u + c, 3*c = -2*u + 102 + 65. What is the greatest common factor of 220 and u?
44
Suppose n = 2*v + 51, -4*v - 145 - 47 = -4*n. Calculate the highest common divisor of 360 and n.
45
Let f be 58/8 - 8/32. Calculate the highest common divisor of f and 35.
7
Let o be (-10)/45 + 1082/9. What is the highest common divisor of 30 and o?
30
Suppose 5*m - z - 10 = m, -2*m - 3*z - 2 = 0. Suppose -m*i - 3*i = -160. Calculate the greatest common divisor of 16 and i.
16
Let i be 0 + (-1 - -1) + -2. Let v be -2 - i - (-5 - -3). Calculate the highest common divisor of v and 6.
2
Suppose 192 = -2*w + 228. Suppose 4*a - 285 = 3. Calculate the highest common factor of a and w.
18
Suppose -g + 1 = -0. What is the highest common factor of 7 and g?
1
Let s(l) = -2*l**3 - 39*l**2 - 21*l - 23. Let g be s(-19). Calculate the highest common factor of 12 and g.
3
Suppose -6*u = -u - 1000. Let h = 1 - 5. Let q(a) = 2*a**2 + 4*a + 4. Let d be q(h). Calculate the greatest common factor of d and u.
20
Let k be 56/21 - 2/3. Suppose k*q - 1 = q. Calculate the greatest common divisor of q and 3.
1
Let f(d) = 29*d - 9. Let v be f(6). Let h(q) = -24*q + 4. Let g be h(-4). Let i = v - g. Calculate the greatest common factor of i and 13.
13
Suppose 5 = -3*q - 4*b, 0*q - 3*b = -4*q + 10. Calculate the highest common factor of q and 7.
1
Let a(n) = -22*n + 2. Let i be a(-1). What is the greatest common divisor of i and 3?
3
Let b be 156/(-16)*4/(-3). What is the greatest common factor of b and 52?
13
Suppose 5*n - r = -1 + 49, 16 = n + 3*r. Calculate the greatest common divisor of n and 70.
10
Suppose p = 3*q + 5, -3*q = p - 6*p + 13. Suppose p*w + 16 = -2*w, 4*v - 148 = w. Calculate the greatest common factor of v and 24.
12
Suppose 4*c + k - 416 = 0, 5*k - 263 = -3*c + 66. Let v = c - 48. Calculate the highest common divisor of v and 11.
11
Let h(n) = n**3 - 5 + 7 - 2*n - 4*n**2 + 3. Let g be h(5). Suppose -6*w = -w - g. What is the greatest common divisor of w and 24?
4
Suppose 8*l + 2*p = 3*l + 60, -4*l = -4*p - 76. What is the highest common factor of l and 14?
14
Let m(r) = 2*r**3 - 8*r**2 + 5*r - 20. Let j be m(6). Calculate the greatest common divisor of 11 and j.
11
Suppose -4*p + o - 19 = -216, -116 = -2*p + 4*o. What is the greatest common divisor of p and 6?
6
Let i be ((-52)/(-2))/2 - 1. Let t be i/15 - 1/(-5). Calculate the highest common factor of t and 1.
1
Suppose 3*j - 22 = -13. Suppose -3*f + 54 = j*f. Calculate the greatest common factor of 9 and f.
9
Let f = 74 - 39. Calculate the highest common divisor of 245 and f.
35
Suppose 30 = 16*u - 11*u. Let l = 12 + 124. Let a = -94 + l. What is the greatest common divisor of u and a?
6
Suppose 0*d + 218 = 5*v - d, 3*v = -3*d + 138. Suppose v = -i + 5*i. What is the greatest common factor of 11 and i?
11
Suppose -3*l = f + f - 459, f = -3*l + 459. Calculate the greatest common factor of l and 17.
17
Let s(i) = -6*i**3 + 2*i**2 + i - 2. Let l be s(2). Let f be 4/(-4) - -9*9. Let r = l + f. What is the highest common divisor of r and 16?
8
Let x = 18 - -10. Let l be 48/x - 2/(-7). Let p be ((-4)/l)/((-4)/18). What is the highest common divisor of p and 72?
9
Suppose -3*q - q = -108. Let f = 100 - 55. Let v = -27 + f. Calculate the greatest common divisor of v and q.
9
Let w(l) = -2*l**2 + 12*l - 3. Let i be w(4). Let x = 71 + -45. What is the greatest common factor of i and x?
13
Let q = 117 + -81. Calculate the greatest common divisor of 288 and q.
36
Suppose -5*g + 8 = 2*b, b + 0*g - 3*g = 4. Let i = -2 + b. Let f be (0 + -9 + i)/(-1). What is the highest common divisor of f and 35?
7
Let s(g) be the third derivative of g**5/60 + 3*g**4/8 + 5*g**3/3 - g**2. Let q = -6 - 2. Let p be s(q). Calculate the greatest common divisor of p and 3.
1
Let d = 21 - 38. Let l be ((-12)/2)/3 - d. Calculate the greatest common divisor of l and 6.
3
Suppose 15 = 7*a - 2*a. Suppose p + 56 = a*p. Let o be (-21)/(9/12*-2). Calculate the highest common factor of p and o.
14
Let r be (-1205)/(-20) + (-3)/12. Let h = 84 - r. What is the highest common factor of h and 3?
3
Let d be (12/(-8))/((-9)/24). Let f(g) = -g**3 + 4*g**2 + 5*g. Let n be f(d). Calculate the greatest common factor of 8 and n.
4
Suppose 4*i + 3*b - 50 = 0, 0*b = -2*i + b + 20. What is the greatest common factor of i and 110?
11
Let x(b) = -21*b - 3. Let h be x(-2). Let w = 12 - 8. Suppose -107 = -w*j - 3. What is the highest common factor of h and j?
13
Let m(i) = -i**2 + 8*i - 5. Let w be m(7). Let k = 1 - -3. Let d be k + (2 + -2)*1. What is the highest common factor of d and w?
2
Let z be 115/6 + (-3 - (-51)/18). Calculate the highest common divisor of z and 209.
19
Suppose 0 = -3*p - x + 245, -5*x = -p - 20 + 91. Calculate the greatest common divisor of p and 27.
27
Let t(s) = 2*s**2 + 2. Suppose 2*j - 2*d = d + 4, 2 = j - d. Let p be t(j). What is the highest common divisor of 70 and p?
10
Let a(q) = q**3 - q**2 + 2. Let f be a(0). What is the highest common divisor of 10 and f?
2
Let n = -44 + 75. Calculate the greatest common divisor of 217 and n.
31
Suppose -5*g = -0*g - 15. Let f = 2 + -3. Let h be (-6)/(-2) + 22 + f. Calculate the highest common divisor of h and g.
3
Let a = 2 + -20. Let z = -9 - a. What is the greatest common divisor of z and 45?
9
Let q = 17 - 6. Suppose -3*i - 2 + q = 2*x, -6 = -2*i + 2*x. What is the greatest common factor of 15 and i?
3
Let d = 22 + -14. Suppose h - 8 - 2 = 0. Let m be 175/2 + h/20. What is the highest common factor of d and m?
8
Let a(g) = g**2 - 9*g - 15. Let i be a(14). Calculate the greatest common divisor of 22 and i.
11
Suppose 3*t - 54 - 15 = 0. Suppose 3*r - 2*a - t = -3*a, -5*r = -5*a - 25. Calculate the highest common divisor of r and 7.
7
Suppose -2*b + 153 - 97 = 0. Calculate the highest common factor of b and 224.
28
Suppose 3*p - u = -0*u + 43, p = -u + 13. What is the highest common factor of 98 and p?
14
Let u be 44/11 - (-2)/2. Suppose 3*n - 6*n + 75 = 3*g, -u*n = -2*g + 43. Let q be (-1)/(4/6 + -1). What is the greatest common divisor of g and q?
3
Suppose 5*s = -3*g + 100, 2*g + 3*s = 14 + 52. Calculate the highest common divisor of g and 6.
6
Let f = 17 - 10. Suppose 0 = 4*v - f - 5. Let o = 25 + -24. What is the greatest common divisor of v and o?
1
Suppose -4*v = -3*v - 2*y - 10, -4*v + 46 = -5*y. Calculate the greatest common factor of v and 154.
14
Let i = 14 + -4. Let q be 4/6 + (-26)/(-6). Calculate the highest common divisor of i and q.
5
Let c = 261 - 6. Calculate the greatest common factor of c and 15.
15
Suppose 0 = -w + 5*x + 17, 2*w - w + 3*x = -15. Let v(r) = -5*r - 4. Let m be v(w). Calculate the greatest common divisor of m and 77.
11
Let t = -7 - -16. Let u = -1 + 3. Suppose 0 = -3*b - u*b + 405. What is the highest common divisor of b and t?
9
Suppose 0 = -3*s + 3*a + 96, 4*s + a - 91 = 52. What is the greatest common divisor of s and 14?
7
Let d(l) = 3*l - 7. Let c be d(6). Suppose 0 = -5*t - 1 + c. What is the highest common divisor of t and 6?
2
Suppose 10 = -2*l, 3*h + 3*l + 9 = h. Suppose u = -u + 72. Let y be 2/((-106)/u + h). What is the highest common divisor of y and 24?
12
Let n be ((-20)/(-25))/((-2)/(-35)). Let r be 292/7 - 4/(-14). Calculate the greatest common divisor of n and r.
14
Suppose 2*j + o = -4*o + 31, 3 = j + 5*o. Let x be 3 + -1 + (-2 - -4). Calculate the greatest common factor of x and j.
4
Suppose j + 20 = 6*j. Suppose z = 4*a + 18, -4*z - 13 + 37 = -j*a. Let w = 18 - 12. What is the greatest common factor of z and w?
2
Let v be (-11 - -9) + (22 + 0 - 2). What is the highest common divisor of 6 and v?
6
Let q = 142 + -133. What is the highest common divisor of q and 9?
9
Suppose 0*j = -j + 31. Suppose 2*l + y + 0*y - 1 = 0, 2*l - j = 5*y. Calculate the highest common factor of l and 33.
3
Let k(z) = -3*z - 6. Let v be k(-3). Calculate the highest common divisor of 24 and v.
3
Let i = 72 + -32. What is the highest common divisor of 60 and i?
20
Suppose 3*d - b = 3*b - 16, -2*d - 12 = -3*b. Suppose d = -3*o - 5*i - 12 + 154, 0 = o + 3*i - 50. Calculate the highest common factor of 110